hat is the remainder when 11294 is divided by 5639?
16
What is the remainder when 10941 is divided by 29?
8
Calculate the remainder when 240236 is divided by 429.
425
What is the remainder when 2490 is divided by 828?
6
Calculate the remainder when 57352 is divided by 5735.
2
Calculate the remainder when 168153 is divided by 296.
25
What is the remainder when 732175 is divided by 273?
262
Calculate the remainder when 2230 is divided by 51.
37
Calculate the remainder when 39955 is divided by 15.
10
Calculate the remainder when 16405 is divided by 61.
57
What is the remainder when 124303 is divided by 182?
179
Calculate the remainder when 32874 is divided by 281.
278
What is the remainder when 126345 is divided by 3609?
30
Calculate the remainder when 1567324 is divided by 194.
192
Calculate the remainder when 314156 is divided by 408.
404
Calculate the remainder when 2482 is divided by 453.
217
What is the remainder when 902 is divided by 215?
42
What is the remainder when 1650 is divided by 351?
246
Calculate the remainder when 6814 is divided by 567.
10
What is the remainder when 255 is divided by 70?
45
Calculate the remainder when 45083 is divided by 127.
125
Calculate the remainder when 1847 is divided by 315.
272
What is the remainder when 21307 is divided by 148?
143
Calculate the remainder when 5388 is divided by 23.
6
Calculate the remainder when 54336 is divided by 44.
40
What is the remainder when 73619 is divided by 736?
19
Calculate the remainder when 9055 is divided by 16.
15
What is the remainder when 4629 is divided by 4?
1
Calculate the remainder when 1975 is divided by 636.
67
What is the remainder when 146732 is divided by 146723?
9
Calculate the remainder when 5299293 is divided by 2647.
2646
Calculate the remainder when 6159 is divided by 1692.
1083
Calculate the remainder when 5881 is divided by 109.
104
Calculate the remainder when 2736 is divided by 664.
80
What is the remainder when 11351 is divided by 15?
11
Calculate the remainder when 21466 is divided by 130.
16
Calculate the remainder when 9651 is divided by 4732.
187
Calculate the remainder when 6516 is divided by 224.
20
Calculate the remainder when 3378 is divided by 277.
54
Calculate the remainder when 272 is divided by 146.
126
Calculate the remainder when 11962 is divided by 64.
58
Calculate the remainder when 9212 is divided by 69.
35
What is the remainder when 5526 is divided by 227?
78
What is the remainder when 107925 is divided by 251?
246
What is the remainder when 128723 is divided by 55?
23
What is the remainder when 127719 is divided by 1172?
1143
What is the remainder when 28047 is divided by 42?
33
What is the remainder when 11678 is divided by 59?
55
What is the remainder when 11457 is divided by 2542?
1289
Calculate the remainder when 280084 is divided by 4376.
20
Calculate the remainder when 361019 is divided by 1498.
1
Calculate the remainder when 40717 is divided by 3387.
73
What is the remainder when 102306 is divided by 41?
11
What is the remainder when 5208 is divided by 2?
0
Calculate the remainder when 6964 is divided by 67.
63
What is the remainder when 603795 is divided by 8?
3
Calculate the remainder when 6941 is divided by 14.
11
Calculate the remainder when 115674 is divided by 239.
237
Calculate the remainder when 163088 is divided by 470.
468
Calculate the remainder when 3599 is divided by 235.
74
What is the remainder when 3431 is divided by 244?
15
What is the remainder when 12400 is divided by 614?
120
What is the remainder when 4967 is divided by 498?
485
Calculate the remainder when 101160 is divided by 954.
36
Calculate the remainder when 3755 is divided by 343.
325
What is the remainder when 45825 is divided by 15275?
0
Calculate the remainder when 3542 is divided by 1.
0
What is the remainder when 2848 is divided by 180?
148
Calculate the remainder when 30266 is divided by 19.
18
Calculate the remainder when 2129 is divided by 983.
163
Calculate the remainder when 1489094 is divided by 24.
14
What is the remainder when 4705 is divided by 1171?
21
What is the remainder when 2892 is divided by 867?
291
Calculate the remainder when 73597 is divided by 121.
29
What is the remainder when 1389 is divided by 435?
84
Calculate the remainder when 22091 is divided by 14.
13
What is the remainder when 110226 is divided by 87?
84
What is the remainder when 769 is divided by 270?
229
Calculate the remainder when 10827 is divided by 56.
19
Calculate the remainder when 28345 is divided by 34.
23
Calculate the remainder when 14497 is divided by 636.
505
Calculate the remainder when 138184 is divided by 19739.
11
Calculate the remainder when 2053 is divided by 449.
257
What is the remainder when 111013 is divided by 122?
115
Calculate the remainder when 36367 is divided by 9.
7
What is the remainder when 28480 is divided by 407?
397
What is the remainder when 5766 is divided by 524?
2
Calculate the remainder when 9554 is divided by 233.
1
Calculate the remainder when 477106 is divided by 58.
56
What is the remainder when 8247 is divided by 740?
107
Calculate the remainder when 724 is divided by 684.
40
What is the remainder when 34486 is divided by 34420?
66
What is the remainder when 130394 is divided by 65191?
12
What is the remainder when 34357 is divided by 503?
153
What is the remainder when 487081 is divided by 58?
55
What is the remainder when 585 is divided by 102?
75
Calculate the remainder when 19343 is divided by 36.
11
What is the remainder when 3229 is divided by 147?
142
Calculate the remainder when 1001 is divided by 740.
261
Calculate the remainder when 980575 is divided by 100.
75
Calculate the remainder when 8410 is divided by 230.
130
What is the remainder when 4737311 is divided by 33?
29
Calculate the remainder when 46960 is divided by 1204.
4
What is the remainder when 16054 is divided by 1142?
66
Calculate the remainder when 36595 is divided by 15.
10
What is the remainder when 1026 is divided by 35?
11
What is the remainder when 13524 is divided by 188?
176
What is the remainder when 538521 is divided by 48953?
38
Calculate the remainder when 499758 is divided by 113.
72
What is the remainder when 474309 is divided by 158103?
0
What is the remainder when 5921 is divided by 69?
56
What is the remainder when 1602 is divided by 1023?
579
Calculate the remainder when 330030 is divided by 329992.
38
What is the remainder when 15884 is divided by 76?
0
Calculate the remainder when 2453719 is divided by 44.
15
Calculate the remainder when 62476 is divided by 56.
36
What is the remainder when 169149 is divided by 179?
173
What is the remainder when 17685 is divided by 201?
198
What is the remainder when 786 is divided by 40?
26
Calculate the remainder when 180571 is divided by 134.
73
Calculate the remainder when 349542 is divided by 349507.
35
What is the remainder when 22031 is divided by 605?
251
Calculate the remainder when 7093 is divided by 2083.
844
What is the remainder when 18841 is divided by 134?
81
Calculate the remainder when 24895 is divided by 9.
1
Calculate the remainder when 4394 is divided by 88.
82
What is the remainder when 574667 is divided by 12?
11
What is the remainder when 16218 is divided by 26?
20
What is the remainder when 417698 is divided by 6630?
8
What is the remainder when 451428 is divided by 76?
64
Calculate the remainder when 960632 is divided by 6911.
3
Calculate the remainder when 2833 is divided by 134.
19
Calculate the remainder when 1266 is divided by 807.
459
What is the remainder when 1567 is divided by 26?
7
What is the remainder when 2201 is divided by 2192?
9
Calculate the remainder when 33774 is divided by 33760.
14
What is the remainder when 67221 is divided by 33607?
7
Calculate the remainder when 14684 is divided by 2097.
5
What is the remainder when 33710 is divided by 219?
203
What is the remainder when 2898 is divided by 156?
90
Calculate the remainder when 136902 is divided by 70.
52
What is the remainder when 40106 is divided by 184?
178
Calculate the remainder when 2156 is divided by 648.
212
What is the remainder when 4790 is divided by 185?
165
What is the remainder when 23059 is divided by 22985?
74
Calculate the remainder when 85221 is divided by 406.
367
What i